{"id":105,"date":"2024-03-08T16:20:07","date_gmt":"2024-03-08T15:20:07","guid":{"rendered":"https:\/\/schema-de-lateralite.etiennelang.com\/?page_id=105"},"modified":"2024-03-10T17:13:33","modified_gmt":"2024-03-10T16:13:33","slug":"publications","status":"publish","type":"page","link":"https:\/\/schema-de-lateralite.etiennelang.com\/index.php\/publications\/","title":{"rendered":"Publications"},"content":{"rendered":"\n<h2 class=\"wp-block-heading has-text-align-center has-luminous-vivid-orange-color has-very-light-gray-to-cyan-bluish-gray-gradient-background has-text-color has-background has-link-color wp-elements-470fbf1434ed1952da36fb47ffcbe5f1\">\u00ab\u00a0<strong>Gaucher, droitier, mixte, ambidextre : on n&rsquo;apprend pas de la m\u00eame fa\u00e7on\u00a0\u00bb<\/strong><\/h2>\n\n\n<div class=\"wp-block-image\">\n<figure class=\"alignleft size-full is-resized\"><img loading=\"lazy\" decoding=\"async\" width=\"602\" height=\"400\" src=\"https:\/\/schema-de-lateralite.etiennelang.com\/wp-content\/uploads\/2024\/03\/pexels-caio-46274.jpg\" alt=\"\" class=\"wp-image-107\" style=\"width:316px;height:auto\" srcset=\"https:\/\/schema-de-lateralite.etiennelang.com\/wp-content\/uploads\/2024\/03\/pexels-caio-46274.jpg 602w, https:\/\/schema-de-lateralite.etiennelang.com\/wp-content\/uploads\/2024\/03\/pexels-caio-46274-300x199.jpg 300w\" sizes=\"auto, (max-width: 602px) 100vw, 602px\" \/><\/figure>\n<\/div>\n\n\n<p>C&rsquo;est le titre provisoire du livre sur lequel je travaille depuis 5 ans, dont l&rsquo;origine se trouve dans les premi\u00e8res conf\u00e9rences\/ateliers sur le troubles d&rsquo;apprentissages. Il s&rsquo;agissait alors simplement de cr\u00e9er un support r\u00e9unissant les notions abord\u00e9es lors des ateliers (lien entre troubles des apprentissages et sch\u00e9ma de lat\u00e9ralit\u00e9 main, jambe, \u0153il, oreille, cerveau, strat\u00e9gies de rep\u00e9rage et d&rsquo;adaptation pour chaque \u00e9l\u00e8ve etc)<\/p>\n\n\n\n<p>Mais la richesse de ces ateliers, de nouvelles observations sur mes jeunes patients, les d\u00e9couvertes que j&rsquo;ai faites en voulant \u00e9tayer mon propos sur des bases scientifiques m&rsquo;ont emmen\u00e9 beaucoup plus loin que pr\u00e9vu ! Le temps du confinement a \u00e9t\u00e9 providentiel pour travailler \u00e0 la r\u00e9daction de ce qui ressemble maintenant \u00e0 une v\u00e9ritable th\u00e8se sur le sujet. <\/p>\n\n\n\n<p>En effet cet ouvrage propose pour la premi\u00e8re fois une th\u00e9orie g\u00e9n\u00e9rale des lat\u00e9ralit\u00e9s, non seulement de la dominance de la main, de l\u2019\u0153il, de l&rsquo;oreille et des aires cognitives, mais surtout des diff\u00e9rentes combinaisons qui en d\u00e9coulent. En concluant sur une m\u00e9thode qui, par de simples tests , permet de comprendre et anticiper les aptitudes et possibles difficult\u00e9s pouvant affecter chaque enfant. <\/p>\n\n\n\n<p>Il s&rsquo;agit d&rsquo;un v\u00e9ritable tournant dans la prise en charges des troubles dys et dans la compr\u00e9hensions des diff\u00e9rents modes de m\u00e9morisation, de type de motivation &#8230; de regard sur le monde des apprenants.<\/p>\n\n\n\n<p>Comme dans mes conf\u00e9rences et ateliers , j&rsquo;ai cherch\u00e9 \u00e0 rendre le plus accessible possible des notions complexes sans renoncer \u00e0 \u00eatre pr\u00e9cis. Dans ce but tout ce qui est \u00e9nonc\u00e9 est assorti de r\u00e9f\u00e9rences bibliographiques, d&rsquo;exemples concrets, de conseils pratiques, et de dizaines ce \u00ab\u00a0cas cliniques\u00a0\u00bb autrement dit de t\u00e9moignages d&rsquo;enfants (et d&rsquo;adultes) d\u00e9couvrant leur sch\u00e9ma de lat\u00e9ralit\u00e9 au sein de mon cabinet.<\/p>\n\n\n\n<p>Je vous dis \u00e0 bient\u00f4t pour la naissance officielle de ce beau b\u00e9b\u00e9, r\u00e9pondant \u00e0 des questions que j&rsquo;ai commenc\u00e9 \u00e0 me poser il y a des d\u00e9cennies, d\u00e8s mes premi\u00e8res ann\u00e9es d&rsquo;\u00e9cole, et qui m&rsquo;ont obs\u00e9d\u00e9es tout au long de ma vie et de ma carri\u00e8re de th\u00e9rapeute : <br>pourquoi sommes nous in\u00e9gaux devant les apprentissages ? <br>Pourquoi les troubles dys sont-ils si souvent associ\u00e9s \u00e0 d&rsquo;autres troubles ? <br>Pourquoi la dyslexie frappe-t-elle tellement plus les gauchers ? <br>Et qu&rsquo;en est-il des droitiers ? <br>Existe-t-il vraiment un don de dyslexie, et si oui en quoi consiste-t-il ? <br>D\u2019o\u00f9 proviennent les facult\u00e9s atypique des personnes \u00e0 haut potentiel intellectuel (HPI) et pourquoi sont-elles si souvent sujettes \u00e0 la \u00ab\u00a0double exceptionnalit\u00e9\u00a0\u00bb (haut potentiel li\u00e9 \u00e0 des troubles dys, de l&rsquo;attention &#8230;) ?<br>Comment faire pour emmener tout le monde vers la r\u00e9ussite alors que nous sommes tous si diff\u00e9rents ?<\/p>\n\n\n\n<p>En r\u00e9alit\u00e9 plusieurs ouvrages vont \u00eatre n\u00e9cessaires&#8230;<\/p>\n\n\n\n<p><strong>Bienvenue dans le monde des lat\u00e9ralit\u00e9s&#8230;<\/strong><\/p>\n\n\n<ul class=\"wp-block-page-list\"><li class=\"wp-block-pages-list__item menu-item-home\"><a class=\"wp-block-pages-list__item__link\" href=\"https:\/\/schema-de-lateralite.etiennelang.com\/\">accueil<\/a><\/li><li class=\"wp-block-pages-list__item\"><a class=\"wp-block-pages-list__item__link\" href=\"https:\/\/schema-de-lateralite.etiennelang.com\/index.php\/comorbidite\/\">Comorbidit\u00e9<\/a><\/li><li class=\"wp-block-pages-list__item\"><a class=\"wp-block-pages-list__item__link\" href=\"https:\/\/schema-de-lateralite.etiennelang.com\/index.php\/formation\/\">Formation<\/a><\/li><li class=\"wp-block-pages-list__item\"><a class=\"wp-block-pages-list__item__link\" href=\"https:\/\/schema-de-lateralite.etiennelang.com\/index.php\/forum\/\">Forum<\/a><\/li><li class=\"wp-block-pages-list__item\"><a class=\"wp-block-pages-list__item__link\" href=\"https:\/\/schema-de-lateralite.etiennelang.com\/index.php\/hpi-surdoues-et-autres-atypiques\/\">HPI, surdou\u00e9s et autres atypiques<\/a><\/li><li class=\"wp-block-pages-list__item\"><a class=\"wp-block-pages-list__item__link\" href=\"https:\/\/schema-de-lateralite.etiennelang.com\/index.php\/laffectivite-des-droitiers-et-gauchers\/\">L&rsquo;affectivit\u00e9 des droitiers et gauchers<\/a><\/li><li class=\"wp-block-pages-list__item\"><a class=\"wp-block-pages-list__item__link\" href=\"https:\/\/schema-de-lateralite.etiennelang.com\/index.php\/la-pratique\/\">La pratique<\/a><\/li><li class=\"wp-block-pages-list__item\"><a class=\"wp-block-pages-list__item__link\" href=\"https:\/\/schema-de-lateralite.etiennelang.com\/index.php\/les-bases-theoriques\/\">Les bases th\u00e9oriques<\/a><\/li><li class=\"wp-block-pages-list__item\"><a class=\"wp-block-pages-list__item__link\" href=\"https:\/\/schema-de-lateralite.etiennelang.com\/index.php\/les-professions-concernees\/\">Les professions concern\u00e9es<\/a><\/li><li class=\"wp-block-pages-list__item\"><a class=\"wp-block-pages-list__item__link\" href=\"https:\/\/schema-de-lateralite.etiennelang.com\/index.php\/les-troubles-des-apprentissages\/\">Les troubles des apprentissages<\/a><\/li><li class=\"wp-block-pages-list__item\"><a class=\"wp-block-pages-list__item__link\" href=\"https:\/\/schema-de-lateralite.etiennelang.com\/index.php\/presentation\/\">Pr\u00e9sentation<\/a><\/li><li class=\"wp-block-pages-list__item\"><a class=\"wp-block-pages-list__item__link\" href=\"https:\/\/schema-de-lateralite.etiennelang.com\/index.php\/publications\/\">Publications<\/a><\/li><li class=\"wp-block-pages-list__item has-child\"><a class=\"wp-block-pages-list__item__link\" href=\"https:\/\/schema-de-lateralite.etiennelang.com\/index.php\/questions\/\">Questions<\/a><ul class=\"wp-block-navigation__submenu-container\"><li class=\"wp-block-pages-list__item \"><a class=\"wp-block-pages-list__item__link\" href=\"https:\/\/schema-de-lateralite.etiennelang.com\/index.php\/questions\/activities\/\">Activit\u00e9s<\/a><\/li><li class=\"wp-block-pages-list__item \"><a class=\"wp-block-pages-list__item__link\" href=\"https:\/\/schema-de-lateralite.etiennelang.com\/index.php\/questions\/categories\/\">Cat\u00e9gories<\/a><\/li><li class=\"wp-block-pages-list__item \"><a class=\"wp-block-pages-list__item__link\" href=\"https:\/\/schema-de-lateralite.etiennelang.com\/index.php\/questions\/tags\/\">\u00c9tiquettes<\/a><\/li><li class=\"wp-block-pages-list__item \"><a class=\"wp-block-pages-list__item__link\" href=\"https:\/\/schema-de-lateralite.etiennelang.com\/index.php\/questions\/ask\/\">Poser une question<\/a><\/li><li class=\"wp-block-pages-list__item \"><a class=\"wp-block-pages-list__item__link\" href=\"https:\/\/schema-de-lateralite.etiennelang.com\/index.php\/questions\/profile\/\">Profil<\/a><\/li><\/ul><\/li><\/ul>","protected":false},"excerpt":{"rendered":"<p>\u00ab\u00a0Gaucher, droitier, mixte, ambidextre : on n&rsquo;apprend pas de la m\u00eame fa\u00e7on\u00a0\u00bb C&rsquo;est le titre provisoire du livre sur lequel je travaille depuis 5 ans, dont l&rsquo;origine se trouve dans les premi\u00e8res conf\u00e9rences\/ateliers sur le troubles d&rsquo;apprentissages. Il s&rsquo;agissait alors simplement de cr\u00e9er un support r\u00e9unissant les notions abord\u00e9es lors des ateliers (lien entre troubles [&hellip;]<\/p>\n","protected":false},"author":1,"featured_media":0,"parent":0,"menu_order":0,"comment_status":"closed","ping_status":"closed","template":"","meta":{"advanced_seo_description":"","jetpack_seo_html_title":"","jetpack_seo_noindex":false,"footnotes":""},"class_list":["post-105","page","type-page","status-publish","hentry","post"],"jetpack_sharing_enabled":true,"_links":{"self":[{"href":"https:\/\/schema-de-lateralite.etiennelang.com\/index.php\/wp-json\/wp\/v2\/pages\/105","targetHints":{"allow":["GET"]}}],"collection":[{"href":"https:\/\/schema-de-lateralite.etiennelang.com\/index.php\/wp-json\/wp\/v2\/pages"}],"about":[{"href":"https:\/\/schema-de-lateralite.etiennelang.com\/index.php\/wp-json\/wp\/v2\/types\/page"}],"author":[{"embeddable":true,"href":"https:\/\/schema-de-lateralite.etiennelang.com\/index.php\/wp-json\/wp\/v2\/users\/1"}],"replies":[{"embeddable":true,"href":"https:\/\/schema-de-lateralite.etiennelang.com\/index.php\/wp-json\/wp\/v2\/comments?post=105"}],"version-history":[{"count":4,"href":"https:\/\/schema-de-lateralite.etiennelang.com\/index.php\/wp-json\/wp\/v2\/pages\/105\/revisions"}],"predecessor-version":[{"id":178,"href":"https:\/\/schema-de-lateralite.etiennelang.com\/index.php\/wp-json\/wp\/v2\/pages\/105\/revisions\/178"}],"wp:attachment":[{"href":"https:\/\/schema-de-lateralite.etiennelang.com\/index.php\/wp-json\/wp\/v2\/media?parent=105"}],"curies":[{"name":"wp","href":"https:\/\/api.w.org\/{rel}","templated":true}]}}

<h2 class="wp-block-heading has-text-align-center has-luminous-vivid-orange-color has-very-light-gray-to-cyan-bluish-gray-gradient-background has-text-color has-background has-link-color wp-elements-470fbf1434ed1952da36fb47ffcbe5f1">« <strong>Gaucher, droitier, mixte, ambidextre : on n&rsquo;apprend pas de la même façon »</strong></h2>


<div class="wp-block-image">
<figure class="alignleft size-full is-resized"><img loading="lazy" decoding="async" width="602" height="400" src="https://schema-de-lateralite.etiennelang.com/wp-content/uploads/2024/03/pexels-caio-46274.jpg" alt="" class="wp-image-107" style="width:316px;height:auto" srcset="https://schema-de-lateralite.etiennelang.com/wp-content/uploads/2024/03/pexels-caio-46274.jpg 602w, https://schema-de-lateralite.etiennelang.com/wp-content/uploads/2024/03/pexels-caio-46274-300x199.jpg 300w" sizes="auto, (max-width: 602px) 100vw, 602px" /></figure>
</div>


<p>C&rsquo;est le titre provisoire du livre sur lequel je travaille depuis 5 ans, dont l&rsquo;origine se trouve dans les premières conférences/ateliers sur le troubles d&rsquo;apprentissages. Il s&rsquo;agissait alors simplement de créer un support réunissant les notions abordées lors des ateliers (lien entre troubles des apprentissages et schéma de latéralité main, jambe, œil, oreille, cerveau, stratégies de repérage et d&rsquo;adaptation pour chaque élève etc)</p>



<p>Mais la richesse de ces ateliers, de nouvelles observations sur mes jeunes patients, les découvertes que j&rsquo;ai faites en voulant étayer mon propos sur des bases scientifiques m&rsquo;ont emmené beaucoup plus loin que prévu ! Le temps du confinement a été providentiel pour travailler à la rédaction de ce qui ressemble maintenant à une véritable thèse sur le sujet. </p>



<p>En effet cet ouvrage propose pour la première fois une théorie générale des latéralités, non seulement de la dominance de la main, de l’œil, de l&rsquo;oreille et des aires cognitives, mais surtout des différentes combinaisons qui en découlent. En concluant sur une méthode qui, par de simples tests , permet de comprendre et anticiper les aptitudes et possibles difficultés pouvant affecter chaque enfant. </p>



<p>Il s&rsquo;agit d&rsquo;un véritable tournant dans la prise en charges des troubles dys et dans la compréhensions des différents modes de mémorisation, de type de motivation &#8230; de regard sur le monde des apprenants.</p>



<p>Comme dans mes conférences et ateliers , j&rsquo;ai cherché à rendre le plus accessible possible des notions complexes sans renoncer à être précis. Dans ce but tout ce qui est énoncé est assorti de références bibliographiques, d&rsquo;exemples concrets, de conseils pratiques, et de dizaines ce « cas cliniques » autrement dit de témoignages d&rsquo;enfants (et d&rsquo;adultes) découvrant leur schéma de latéralité au sein de mon cabinet.</p>



<p>Je vous dis à bientôt pour la naissance officielle de ce beau bébé, répondant à des questions que j&rsquo;ai commencé à me poser il y a des décennies, dès mes premières années d&rsquo;école, et qui m&rsquo;ont obsédées tout au long de ma vie et de ma carrière de thérapeute : <br>pourquoi sommes nous inégaux devant les apprentissages ? <br>Pourquoi les troubles dys sont-ils si souvent associés à d&rsquo;autres troubles ? <br>Pourquoi la dyslexie frappe-t-elle tellement plus les gauchers ? <br>Et qu&rsquo;en est-il des droitiers ? <br>Existe-t-il vraiment un don de dyslexie, et si oui en quoi consiste-t-il ? <br>D’où proviennent les facultés atypique des personnes à haut potentiel intellectuel (HPI) et pourquoi sont-elles si souvent sujettes à la « double exceptionnalité » (haut potentiel lié à des troubles dys, de l&rsquo;attention &#8230;) ?<br>Comment faire pour emmener tout le monde vers la réussite alors que nous sommes tous si différents ?</p>



<p>En réalité plusieurs ouvrages vont être nécessaires&#8230;</p>



<p><strong>Bienvenue dans le monde des latéralités&#8230;</strong></p>


<ul class="wp-block-page-list"><li class="wp-block-pages-list__item menu-item-home"><a class="wp-block-pages-list__item__link" href="https://schema-de-lateralite.etiennelang.com/">accueil</a></li><li class="wp-block-pages-list__item"><a class="wp-block-pages-list__item__link" href="https://schema-de-lateralite.etiennelang.com/index.php/comorbidite/">Comorbidité</a></li><li class="wp-block-pages-list__item"><a class="wp-block-pages-list__item__link" href="https://schema-de-lateralite.etiennelang.com/index.php/formation/">Formation</a></li><li class="wp-block-pages-list__item"><a class="wp-block-pages-list__item__link" href="https://schema-de-lateralite.etiennelang.com/index.php/forum/">Forum</a></li><li class="wp-block-pages-list__item"><a class="wp-block-pages-list__item__link" href="https://schema-de-lateralite.etiennelang.com/index.php/hpi-surdoues-et-autres-atypiques/">HPI, surdoués et autres atypiques</a></li><li class="wp-block-pages-list__item"><a class="wp-block-pages-list__item__link" href="https://schema-de-lateralite.etiennelang.com/index.php/laffectivite-des-droitiers-et-gauchers/">L&rsquo;affectivité des droitiers et gauchers</a></li><li class="wp-block-pages-list__item"><a class="wp-block-pages-list__item__link" href="https://schema-de-lateralite.etiennelang.com/index.php/la-pratique/">La pratique</a></li><li class="wp-block-pages-list__item"><a class="wp-block-pages-list__item__link" href="https://schema-de-lateralite.etiennelang.com/index.php/les-bases-theoriques/">Les bases théoriques</a></li><li class="wp-block-pages-list__item"><a class="wp-block-pages-list__item__link" href="https://schema-de-lateralite.etiennelang.com/index.php/les-professions-concernees/">Les professions concernées</a></li><li class="wp-block-pages-list__item"><a class="wp-block-pages-list__item__link" href="https://schema-de-lateralite.etiennelang.com/index.php/les-troubles-des-apprentissages/">Les troubles des apprentissages</a></li><li class="wp-block-pages-list__item"><a class="wp-block-pages-list__item__link" href="https://schema-de-lateralite.etiennelang.com/index.php/presentation/">Présentation</a></li><li class="wp-block-pages-list__item"><a class="wp-block-pages-list__item__link" href="https://schema-de-lateralite.etiennelang.com/index.php/publications/">Publications</a></li><li class="wp-block-pages-list__item has-child"><a class="wp-block-pages-list__item__link" href="https://schema-de-lateralite.etiennelang.com/index.php/questions/">Questions</a><ul class="wp-block-navigation__submenu-container"><li class="wp-block-pages-list__item "><a class="wp-block-pages-list__item__link" href="https://schema-de-lateralite.etiennelang.com/index.php/questions/activities/">Activités</a></li><li class="wp-block-pages-list__item "><a class="wp-block-pages-list__item__link" href="https://schema-de-lateralite.etiennelang.com/index.php/questions/categories/">Catégories</a></li><li class="wp-block-pages-list__item "><a class="wp-block-pages-list__item__link" href="https://schema-de-lateralite.etiennelang.com/index.php/questions/tags/">Étiquettes</a></li><li class="wp-block-pages-list__item "><a class="wp-block-pages-list__item__link" href="https://schema-de-lateralite.etiennelang.com/index.php/questions/ask/">Poser une question</a></li><li class="wp-block-pages-list__item "><a class="wp-block-pages-list__item__link" href="https://schema-de-lateralite.etiennelang.com/index.php/questions/profile/">Profil</a></li></ul></li></ul>

<p>« Gaucher, droitier, mixte, ambidextre : on n&rsquo;apprend pas de la même façon » C&rsquo;est le titre provisoire du livre sur lequel je travaille depuis 5 ans, dont l&rsquo;origine se trouve dans les premières conférences/ateliers sur le troubles d&rsquo;apprentissages. Il s&rsquo;agissait alors simplement de créer un support réunissant les notions abordées lors des ateliers (lien entre troubles [&hellip;]</p>
